22
Suppose -2*c + 21 = c. Suppose -5*y - g - g + 30 = 0, 0 = -y - 3*g - c. What is the greatest common factor of 8 and y?
8
Let m(g) = g**2 - 5*g - 58. Let z be m(-20). What is the greatest common factor of 26 and z?
26
Let f(v) = -v**3 + 13*v**2 + 4*v - 16. Let h be (-6)/15 + 201/15. Let b be f(h). What is the greatest common factor of 180 and b?
36
Let k(b) = -b**3 - 13*b**2 + 2*b + 28. Let n be k(-13). Let l be 719/3 + 2/6. Suppose -m = n*m - l. Calculate the greatest common divisor of m and 10.
10
Let z(c) = c**2 + 6*c + 9. Suppose -2*r + 16 = -4*m, 0 = -2*r + 4*r + m - 16. Let g be z(r). What is the greatest common divisor of g and 11?
11
Let f = -24 + 26. Suppose -1 + 11 = f*b. Suppose b + 13 = p. Calculate the highest common factor of p and 18.
18
Let u = -3 - -5. Let j be 20/(-15)*3/u. Let k be (-6)/j - (-13 + 5). Calculate the highest common factor of k and 22.
11
Let h = -23 - -37. Let q = -140 + 238. Calculate the greatest common divisor of q and h.
14
Suppose -4*t + 5 = -3*z + 6, 2*z = -4*t + 14. Let r(k) = 2*k**2 - k - 3. Let p be r(z). Calculate the highest common factor of 108 and p.
12
Suppose 4*l - 2*l - 8 = 0. Suppose -70 = -l*u + 10. What is the highest common factor of u and 4?
4
Suppose 3*q - 134 = -2*o, -2*q - 5*o + 8 + 96 = 0. Calculate the greatest common divisor of q and 24.
6
Suppose r - 14 = t + t, 0 = 3*r - 4*t - 36. Let f be 0*4/16 - -84. Let x = -12 + f. Calculate the highest common factor of x and r.
8
Suppose 4 = 2*k - 10. Suppose -8*r + k*r = -4. Suppose r*u = 2*v + 28 + 66, -v + 3 = 0. Calculate the greatest common divisor of 100 and u.
25
Suppose 2*n + 6 = 6. Suppose 5*f - 65 = -n. Suppose -4*c + 130 = c. What is the highest common factor of c and f?
13
Let r = -208 + 226. Calculate the greatest common divisor of r and 138.
6
Let g = -431 - -746. Calculate the greatest common factor of 63 and g.
63
Suppose -24 = -3*n - 5*n. Suppose -8 = -j - n*j. What is the greatest common factor of j and 4?
2
Let i be (-25)/(-100) - ((-1497)/12 - 1). Calculate the greatest common factor of 24 and i.
6
Let h(n) = -n + 7. Let b be h(-3). Suppose 11*j - b*j = 10. Calculate the greatest common factor of 1 and j.
1
Let b = 8 + 2. Let j be (-1 - (-11 - -7))*110/3. What is the greatest common factor of b and j?
10
Let s(y) = 4 + 4*y - 2*y - 3*y. Let g be s(0). Suppose 24 = -88*p + 94*p. Calculate the highest common divisor of p and g.
4
Let a(o) = -o**3 + 13*o**2 + 31*o + 12. Let s(j) = j**2 - 4*j + 10. Let y be s(5). Let t be a(y). Calculate the greatest common factor of t and 243.
27
Let v be (-6016)/56 - 3/(-7). Let b = -19 - v. Calculate the greatest common divisor of b and 11.
11
Suppose 0 = -f + 2*q + 5, 4*q - 32 + 7 = -3*f. Let p be (-2)/(-9) + 824/18. Let v = p + 10. Calculate the greatest common divisor of f and v.
7
Let v be (-11)/22*(0 - 4). Let w be 3/((-36)/8)*-21. Calculate the greatest common factor of w and v.
2
Let p(u) = -u**3 - 9*u**2 + 7*u - 18. Let o be p(-10). What is the greatest common factor of 192 and o?
12
Let r = -6 - -9. Suppose -23 - 7 = -r*u. What is the greatest common divisor of u and 90?
10
Suppose 3*d + 1 = -5*t - 4, 2*t - d - 9 = 0. Let h(w) = 4*w - 5. Let q be h(3). Suppose 0 = -q*f + 12*f - 10. Calculate the highest common factor of f and t.
2
Let y be (-190)/(-30) + 2/(-6). Let u = y - 6. Suppose u = -2*r + 64 - 18. Calculate the highest common divisor of r and 184.
23
Let m(f) = 7*f**2 - 22*f - 102. Let j be m(-8). What is the greatest common divisor of j and 72?
18
Let u = -406 - -422. What is the highest common divisor of u and 192?
16
Suppose -4*v = 2*q - 38, 2*v + 3*q = 23 + 2. Calculate the highest common divisor of 6 and v.
2
Let r = -1 - 25. Let b be 2*(-18)/24*28. Let v = r - b. Calculate the greatest common factor of v and 16.
16
Let h(m) = 230*m**3 + 1. Let y be h(1). Suppose 0 = 3*s + 22 - 4. Let g = 15 - s. What is the greatest common divisor of g and y?
21
Let k = -64 + 80. What is the highest common factor of 208 and k?
16
Suppose 0 = -2*x + 6*x - 12. Let d be (x - (-2 - -3)) + -1. Suppose -m - d = -2. What is the highest common factor of 1 and m?
1
Let m = -320 - -321. Calculate the greatest common factor of m and 25.
1
Suppose 2*y + 13*r - 102 = 8*r, -y + 2*r + 51 = 0. What is the greatest common divisor of 68 and y?
17
Suppose -6*m + 73 - 1 = 0. Calculate the greatest common divisor of 24 and m.
12
Suppose 4*i - 3 = 3*i. Suppose -i*x + x = 4*u - 260, -3*u - x = -193. Let t be 188/(-470) + (94/5)/2. Calculate the greatest common divisor of u and t.
9
Let n be 3*6 - (-3 - -5). Let q = -187 + 195. Calculate the greatest common factor of n and q.
8
Let o(l) = -l**3 + 15*l**2 - 13*l + 13. Let f be o(14). Suppose q - 72 = -3*q. What is the highest common divisor of q and f?
9
Suppose v - 5*q = 90, -11*q = -12*q. Calculate the highest common factor of v and 10.
10
Let d = -232 - -247. Let m(h) = h**3 - 9*h**2 + 3*h - 12. Let p be m(9). Calculate the highest common divisor of d and p.
15
Let r(q) be the first derivative of 7*q**2/2 - 6*q + 7. Let j be r(9). Suppose -a - 2*a = -57. Calculate the highest common factor of a and j.
19
Let l be (-4)/(-26) - 150/(-39). Suppose 46 + 14 = l*z. Let c = z - 4. What is the greatest common factor of 22 and c?
11
Let a be 867/12 + (-3)/12. Suppose 2*y - 13 + 3 = 0. Suppose 2*t = 11 + y. Calculate the highest common factor of t and a.
8
Suppose -5*y = 8*t - 3*t - 920, -3*y + 4*t + 538 = 0. Suppose -8*a + 26*a - 252 = 0. What is the highest common divisor of y and a?
14
Let a be 14/(-5)*(-15 - 0). Let y = -5899 - -5920. Calculate the greatest common divisor of a and y.
21
Let j(o) = -o**2 - 8*o - 12. Let d be j(-5). Suppose -t - 4*t + 222 = 3*n, -4*n + 131 = d*t. What is the highest common divisor of 9 and t?
9
Let m = 1287 - 477. Suppose -128*c + 130*c = m. Calculate the greatest common divisor of 45 and c.
45
Suppose 56 = -3*c + 10*c. What is the greatest common divisor of 40 and c?
8
Let w be (-18)/(-14) - (-28)/(-98) - -175. What is the highest common factor of 22 and w?
22
Let v be (26/4)/((-5)/(-10)). Calculate the highest common divisor of 143 and v.
13
Let o be (3/12)/((-3)/(-12))*39. What is the highest common factor of o and 3?
3
Let m(t) = 2*t**2 + 10*t + 22. Let h be m(-3). What is the greatest common factor of h and 12?
2
Let m be 24 - -10*(-1 + 0). What is the highest common divisor of 16 and m?
2
Suppose -700 = -15*c + c. Let p = c - -26. Calculate the greatest common factor of 19 and p.
19
Let r = 99 - 51. Suppose -2*w - r = -6*w. Calculate the greatest common factor of 12 and w.
12
Let d(y) = y**3 - 7*y**2 + 9*y - 6. Let j be d(6). Let l be j + (2 - 0) + 0. Let z = 209 - 111. Calculate the highest common factor of z and l.
14
Let z(v) = 2*v**2 + 4*v - 4. Let o be z(3). Let n be (5 - 1) + 3 + o. Calculate the highest common factor of 363 and n.
33
Let j be -3*(-2 + 3)*-1. Suppose -2*r + 4*i = 0, -j*r + r - 3*i = -28. Calculate the greatest common factor of 12 and r.
4
Let u = -110 - -110. Suppose 25 = 5*a, u = -0*v + v - a. What is the highest common divisor of 1 and v?
1
Let q = -264 - -334. Calculate the highest common divisor of q and 90.
10
Let c = 573 + -571. What is the greatest common divisor of c and 142?
2
Let o be 19/(2*(-3 + (-76)/(-24))). Let b = o + -39. Let a be 2/11 - (-788)/22. Calculate the greatest common divisor of b and a.
18
Suppose -4*f = -3*f + 1. Let d be 2*28*f*-1. Suppose 3*s = 3*a - 9, -s + 2*s = 5*a - 31. Calculate the highest common divisor of a and d.
7
Let w be ((-2)/(-1))/(2/3). Let x be (21 - -1) + 6/w. Suppose 3*u = -3*h + 177, -2*h + 121 = 20*u - 21*u. Calculate the greatest common factor of h and x.
12
Suppose 3*g = -2*g + 55. What is the highest common divisor of g and 1?
1
Suppose -k + 5*x = -27, 2*k + x = 4 - 5. Suppose -5*o + 56 = -4*r, 0*r - k*r = 5*o - 62. Calculate the greatest common factor of o and 132.
12
Let b = -9 + -15. Let n be 2/6 - 1432/b. Calculate the highest common divisor of 20 and n.
20
Suppose 174 = 5*r - 4*p + 24, -3*p = 4*r - 120. Calculate the greatest common divisor of 165 and r.
15
Let k = -26 + 36. Let h(n) = -n**2 - 3*n - 17*n**3 + 27*n**3 + 40*n**3 + 4. Let a be h(1). Calculate the greatest common divisor of k and a.
10
Let n be 4/30 + 2272/60. Suppose -42*j = -